mmon divisor of 76291 and 181102?
713
Calculate the highest common factor of 44 and 400123438.
22
Calculate the greatest common divisor of 6283496 and 7216.
328
Calculate the highest common divisor of 313886363 and 7.
7
Calculate the greatest common factor of 966 and 71322034.
322
Calculate the greatest common factor of 3450044 and 442.
26
Calculate the highest common factor of 48165 and 193800.
285
What is the highest common factor of 23381 and 1952777?
103
Calculate the greatest common divisor of 231459426 and 9.
9
What is the highest common divisor of 4255905 and 10960?
685
Calculate the greatest common factor of 653997 and 96673.
277
What is the highest common factor of 952699 and 5067469?
3707
Calculate the highest common factor of 60480 and 202680.
360
What is the greatest common divisor of 7213612 and 84?
28
Calculate the greatest common divisor of 1744 and 262648.
8
What is the highest common divisor of 77070579 and 6?
3
Calculate the highest common factor of 6731742 and 6572.
106
What is the greatest common divisor of 771202 and 5183?
71
What is the greatest common factor of 160201459 and 15004?
3751
What is the highest common divisor of 2396 and 124958588?
2396
What is the highest common factor of 519629 and 1089?
11
What is the highest common divisor of 1618125 and 1605?
15
Calculate the highest common factor of 147862694 and 98.
98
Calculate the greatest common divisor of 717314 and 453362.
1222
Calculate the highest common divisor of 10580 and 4054256.
2116
Calculate the greatest common divisor of 473554 and 1823427.
2441
What is the greatest common factor of 334236 and 183632?
92
Calculate the highest common divisor of 1275902 and 1702.
46
What is the greatest common divisor of 893 and 2911838?
47
What is the greatest common factor of 1166130 and 119?
7
Calculate the greatest common factor of 180 and 9082044.
36
What is the highest common divisor of 36875 and 6841640?
295
Calculate the greatest common factor of 648 and 19030092.
12
Calculate the highest common factor of 1322608 and 7.
7
Calculate the highest common factor of 1398 and 96582.
6
What is the greatest common divisor of 7833616 and 1932?
644
What is the greatest common factor of 22243 and 72007?
377
Calculate the highest common factor of 11629 and 171941.
29
Calculate the highest common divisor of 32 and 4234364.
4
Calculate the greatest common divisor of 4835 and 138126280.
4835
Calculate the greatest common factor of 15996 and 860.
172
Calculate the highest common divisor of 24462123 and 1491.
21
What is the highest common factor of 424 and 983784?
8
Calculate the highest common divisor of 456337 and 2205.
49
Calculate the greatest common divisor of 87438949 and 13.
13
Calculate the greatest common factor of 1717568 and 258688.
3008
Calculate the greatest common divisor of 102283 and 71460547.
3527
Calculate the highest common factor of 485897520 and 150.
30
Calculate the highest common divisor of 1716 and 247149474.
858
Calculate the highest common factor of 6925420 and 8260.
1180
What is the greatest common divisor of 444 and 6651712?
148
Calculate the highest common divisor of 17576 and 19288984.
1352
What is the highest common factor of 361043914 and 1694?
1694
What is the greatest common factor of 194952365 and 2085?
695
What is the highest common factor of 27 and 202240827?
27
Calculate the highest common factor of 83552 and 1757203.
2611
Calculate the greatest common factor of 3036 and 669475950.
1518
What is the highest common divisor of 833471 and 120961?
1657
What is the greatest common divisor of 6 and 27640038?
6
Calculate the greatest common divisor of 1380065 and 199.
199
Calculate the highest common factor of 5750 and 197202.
46
What is the highest common divisor of 284 and 704?
4
What is the highest common divisor of 416481840 and 12?
12
What is the greatest common divisor of 1364 and 7189148?
124
Calculate the highest common divisor of 27 and 4141272771.
27
What is the greatest common factor of 286 and 547249846?
286
What is the greatest common divisor of 10580103 and 1224?
153
Calculate the greatest common factor of 342 and 5622062.
38
What is the highest common divisor of 59217965 and 855?
95
What is the greatest common factor of 28973375 and 8215?
155
Calculate the greatest common divisor of 3655224 and 7974.
18
What is the greatest common divisor of 119 and 98688961?
119
Calculate the highest common divisor of 10 and 18088010.
10
Calculate the highest common divisor of 11277607 and 2871.
319
Calculate the greatest common factor of 355313 and 3282503.
1841
Calculate the greatest common divisor of 35840320 and 235.
235
What is the greatest common factor of 2792172 and 300?
12
What is the greatest common factor of 8533219 and 4109?
587
What is the highest common divisor of 13266 and 12869226?
1206
Calculate the highest common divisor of 1868348 and 985.
197
What is the highest common factor of 840 and 249718?
14
Calculate the greatest common factor of 9696009 and 69.
3
What is the highest common factor of 9662650 and 5066?
298
Calculate the highest common factor of 13958 and 1314046.
1994
What is the highest common factor of 47572490 and 70?
70
What is the highest common divisor of 678 and 4778?
2
Calculate the greatest common factor of 33837520 and 160.
80
What is the greatest common factor of 1287 and 14967537?
39
Calculate the greatest common factor of 1524788 and 100.
4
Calculate the greatest common divisor of 168 and 38822052.
12
Calculate the greatest common divisor of 213781 and 22081.
71
Calculate the highest common divisor of 1725 and 90752825.
575
What is the greatest common divisor of 143592492 and 33972?
1788
Calculate the highest common divisor of 77089441 and 969.
323
What is the highest common factor of 545952955 and 46?
23
Calculate the highest common factor of 36028592 and 50832.
5648
What is the highest common divisor of 3117758 and 1204?
602
What is the highest common factor of 10 and 24401245?
5
What is the highest common factor of 15038552 and 67?
67
Calculate the greatest common divisor of 516992 and 2786.
14
What is the greatest common factor of 47960 and 68720?
40
Calculate the highest common factor of 34081654 and 4542.
1514
What is the greatest common factor of 6828171 and 29279?
1541
Calculate the highest common divisor of 9594 and 36070242.
3198
Calculate the highest common divisor of 4231927 and 378.
7
Calculate the greatest common divisor of 3118 and 320171830.
3118
Calculate the highest common divisor of 362713 and 832.
13
What is the highest common factor of 3024 and 536704?
112
Calculate the highest common factor of 415074 and 89701.
331
Calculate the greatest common factor of 109282528 and 7372.
7372
What is the highest common factor of 176398337 and 1273?
1273
What is the highest common factor of 190 and 777138?
38
Calculate the highest common factor of 76508449 and 133603.
4607
Calculate the highest common divisor of 19819514 and 1703.
1703
What is the greatest common factor of 4218 and 108114?
222
What is the greatest common divisor of 70 and 3607940?
70
Calculate the greatest common divisor of 89471053 and 124.
31
Calculate the greatest common divisor of 588 and 492548.
196
What is the highest common divisor of 2360657 and 68289?
1339
What is the greatest common factor of 2419 and 1016452?
59
Calculate the greatest common divisor of 42 and 520776.
6
What is the greatest common factor of 14866653 and 663?
51
Calculate the highest common divisor of 231550 and 3740.
110
Calculate the greatest common factor of 928 and 14607808.
32
What is the greatest common factor of 24361 and 2771?
17
What is the highest common factor of 4912018 and 92?
46
Calculate the greatest common factor of 7908 and 63045212.
2636
What is the highest common divisor of 543466 and 1331?
11
What is the greatest common factor of 48 and 4029328?
16
Calculate the highest common factor of 165444 and 25449.
51
Calculate the greatest common factor of 768 and 1328088.
24
What is the greatest common divisor of 106370490 and 219?
219
Calculate the highest common factor of 89037061 and 307.
307
Calculate the greatest common divisor of 5904 and 1779408.
144
Calculate the highest common divisor of 415897381 and 29.
29
Calculate the highest common facto